 Suppose -4*j - 208 = 180. What is the remainder when 16 is divided by k/11 + j/(-11)?
7
Let a(c) = c. Let s(q) = 3*q. Let t(m) = -4*a(m) + s(m). Suppose -21 = -3*n + 3*z, 1 + 7 = 2*z. Calculate the remainder when n is divided by t(-4).
3
Let v(z) = -7*z - 7. What is the remainder when (-166)/(-4) - 1/2 is divided by v(-3)?
13
Let j = -1 - -2. Suppose -94 = -3*h - j. Let d = -7 + h. What is the remainder when d is divided by 13?
11
Let m = 48 + -36. Suppose -6*y - 4*a + 94 = -3*y, 0 = -y + 3*a + 40. Calculate the remainder when y is divided by m.
10
Let f(i) = i**3 - i**2 + i + 1. Let h(l) = -5*l**3 - 2*l**2 + l - 8. Let u(g) = -6*f(g) - h(g). What is the remainder when u(6) is divided by 11?
10
Suppose 0 = 5*y - 4*x - 14, -2*x + 8 = 4*y + 2. What is the remainder when 2 is divided by y?
0
Suppose l = -4, -5*i - 2*l = l - 253. Calculate the remainder when i is divided by 18.
17
Suppose x = 9 + 5. Suppose -3*v + 0*v = -123. Calculate the remainder when v is divided by x.
13
Suppose 4*q = 0, 0 = -o - 2*o + q + 60. Calculate the remainder when 36 is divided by o.
16
Suppose -p = 4*p + 3*s - 173, -3*s = -p + 49. What is the remainder when p is divided by 15?
7
Let a be (-10)/(-3) + 4/6. Let l = -10 + a. Calculate the remainder when l/(-4)*6/3 is divided by 2.
1
Let a = 22 + 59. What is the remainder when a is divided by 28?
25
What is the remainder when ((-64)/(-36))/(-8) + 443/9 is divided by (-63)/(-5) - 2/(-5)?
10
Suppose 0*j = 4*j - 224. Calculate the remainder when j is divided by 19.
18
Suppose -i + 3 + 2 = 0. Suppose u - 21 = 4*m, 29 = 2*u - i*m - 1. Calculate the remainder when u is divided by 3.
2
Let m = -38 - -61. What is the remainder when 91 is divided by m?
22
What is the remainder when 37 is divided by (-1)/(-2)*50 - 3?
15
Suppose 3*o - 71 = -2*p, -5*p + 141 = -p + 5*o. What is the remainder when p is divided by 18?
16
Let x = -15 + 8. Let u = 5 - x. What is the remainder when 35 is divided by u?
11
Suppose 0 = -2*s - 2*m + 30, -5*m = 3*s - m - 45. What is the remainder when 29 is divided by s?
14
Let c = 46 - 6. Let u = 60 - 46. Calculate the remainder when c is divided by u.
12
Suppose a - 2 = -1, 53 = 2*s + 5*a. Calculate the remainder when s is divided by 5.
4
Suppose -76 = 5*v - 2*h - 189, v + 4*h - 5 = 0. What is the remainder when 59 is divided by v?
17
Let f be ((0/2)/2)/(-2). Calculate the remainder when (21 - 3) + f + 3 is divided by 12.
9
Let k be (6 + 0)*1/2. Suppose -k*y - 2 = 31. Let d = 22 + y. What is the remainder when 31 is divided by d?
9
Suppose 3*w - 23 = -4*z + 226, 3*z + 3*w - 186 = 0. Calculate the remainder when z is divided by 16.
15
Let v(q) = -q**3 - 7*q**2 - 7*q + 1. Suppose 0 = -0*h + 4*h. Suppose 11 = -h*p + p. What is the remainder when p is divided by v(-6)?
4
Suppose 0 = b - 17 - 20. Let n be (-50)/(-8) + 2/(-8). Suppose q = n*q + 4*i - 91, 59 = 3*q - 2*i. Calculate the remainder when b is divided by q.
18
What is the remainder when (-2)/6 - 1536/(-72) is divided by 8?
5
Let p = 27 - 15. Calculate the remainder when 19 is divided by p.
7
Suppose 0 = 4*r - 5 + 41. Let v = -14 - r. Let x = 5 - v. What is the remainder when 18 is divided by x?
8
Let s(i) = -14*i - 59. What is the remainder when 273 is divided by s(-6)?
23
Let k(p) = -p**3 - 16*p**2 - 15*p + 4. Let m be k(-15). Suppose -m*f + 240 = 4*i - 0*f, f + 245 = 4*i. What is the remainder when i is divided by 16?
13
Let l(n) = -n**3 - 5*n**2 - 2*n - 23. Calculate the remainder when 73 is divided by l(-6).
23
Let c = 0 + -2. What is the remainder when 42 is divided by c + 2 + (-15)/(-1)?
12
Let d = 36 - 5. Calculate the remainder when d is divided by 10.
1
Suppose 0 = -4*i + 5*c - 0*c - 121, -2*i = -4*c + 68. Let q = 13 - i. What is the remainder when q is divided by 10?
7
Suppose -2*q + 88 = -4*m, 4*q - 85 = -2*m + 41. Let z = q + -18. Let x(w) = 47*w**3 - w**2 + w - 1. What is the remainder when x(1) is divided by z?
14
Let x(i) = 5*i**2 - 1. Let f be x(-1). Let h be (1/(-1))/(f/(-12)). What is the remainder when 44 is divided by (-2 - h/(-6))*-10?
14
Suppose -l + 11 + 21 = -3*a, 0 = -4*l - 2*a + 100. Calculate the remainder when l is divided by 9.
8
Suppose -3*s - 552 = -6*s. Suppose -4*l + 33 = -l. What is the remainder when s/6 + (-1)/(-3) is divided by l?
9
Let v(n) = 13*n**2 - 2*n - 2. What is the remainder when 141 is divided by v(-1)?
11
Suppose -1477*b - 3 = -1478*b. Suppose -12 = c - 5*c. What is the remainder when c is divided by b?
0
Let j = 39 + -23. What is the remainder when 1*(2 + 45*1) is divided by j?
15
Suppose -3*i + 44 = b, 0 = -2*i + 5*b - 11 + 29. Let j(c) = 7*c**2 + 2*c + 3. Calculate the remainder when i is divided by j(-1).
6
Suppose 4*y = -4*i - 0*i + 4, 5*y - 5*i - 35 = 0. What is the remainder when 32/(-10) + 3 + (-108)/(-15) is divided by y?
3
Let q = 41 - 9. Suppose 12 = 3*a - 9. Suppose 4*p + 2*s - a*s - 58 = 0, 0 = -p - 4*s + 25. What is the remainder when q is divided by p?
15
Let c(k) = -2*k**2 + 3*k**2 + 2*k**2 - 3 - 3*k. Calculate the remainder when 43 is divided by c(-2).
13
Suppose 5 + 5 = 2*h. Suppose -h*d + 15 = -0*d. Suppose 2*l = 3 + d. What is the remainder when 5 is divided by l?
2
Suppose -3*m = -44 + 2. Suppose -53 = -4*s + 55. Calculate the remainder when s is divided by m.
13
Let i(r) = -r + 3. Let b be i(0). Suppose -3*t = -b - 60. Calculate the remainder when t is divided by 11.
10
Let p be 8/44 + 130/11. Suppose 4*k - 28 = p. Calculate the remainder when 17 is divided by k.
7
Suppose 4*p - 5*b - 1150 = -p, 1140 = 5*p + 5*b. Calculate the remainder when p is divided by 29.
26
Let p = 13 - 2. Let u be ((-1 - -1) + 0)*-1. Suppose u*x + 105 = 5*x. Calculate the remainder when x is divided by p.
10
Suppose -8 = 4*i + 4*u, 15 = -2*u - u. What is the remainder when 24 is divided by i?
0
What is the remainder when 155/3 - 40/(-30) is divided by 27?
26
Let h = 207 - 92. Calculate the remainder when h is divided by 29.
28
Suppose -t - 230 = -4*o + 202, 4*t - 234 = -2*o. Calculate the remainder when o is divided by 14.
11
Let w = 20 + -13. Let n(d) = 2*d**2 + 6*d + 4. Let v be (4/(-10))/(2/20). Calculate the remainder when n(v) is divided by w.
5
Let x = 109 + -81. Calculate the remainder when 52 is divided by x.
24
Suppose 8 = f - 7. What is the remainder when f is divided by 6?
3
Let y(n) = n**2 - 10*n + 23. Calculate the remainder when 53 is divided by y(8).
4
Let i(r) = r**3 - 13*r**2 - 14*r + 15. Calculate the remainder when i(14) is divided by 4.
3
Let n be ((-936)/(-84))/((-2)/(-14)). Suppose -3*o - 58 = -7*o + m, 4*m + n = 5*o. What is the remainder when 52 is divided by o?
10
Suppose 3*h + 4*p = 159, -3*h = -3*p - 107 - 52. Calculate the remainder when h is divided by 18.
17
Let o = -3 - -6. Suppose -5*q = 4*l - 17, 8*q = 3*q - 5*l + 15. Calculate the remainder when q is divided by o.
2
Let g be ((-2)/5)/(10/100). What is the remainder when 14 is divided by (4 - 2) + g + 5?
2
Let a = -20 - -18. Let k(r) = -3*r + r + 5*r**2 - 4*r**2. Calculate the remainder when k(a) is divided by 5.
3
What is the remainder when 282 is divided by (-22)/15*-48 + 3/5?
69
Let w = 1 + -2. Let a = w + 21. Calculate the remainder when 59 is divided by a.
19
Suppose -3*i + 48 = 2*i - 2*x, -3*i - 3*x + 12 = 0. Let k(u) = -5*u - 10. Let c be k(-8). Suppose -l = l - c. Calculate the remainder when l is divided by i.
7
Let s be 20/3*(-6)/(-5). Let z(h) = 2*h - 5. Suppose 5*o - 96 = 2*o. Calculate the remainder when o is divided by z(s).
10
Let b = -58 - -75. Calculate the remainder when 65 is divided by b.
14
Let p = 2 + 8. What is the remainder when 27 is divided by p?
7
Let z = -47 + 59. What is the remainder when 70 is divided by z?
10
Let m(i) = -i + 4. Let y be m(-5). Let l(z) = 14*z - 2. Let k be l(8). Suppose y = -4*q + 1, -3*s = -4*q - k. What is the remainder when s is divided by 12?
10
Suppose -18 = 11*y - 84. What is the remainder when y is divided by 3?
0
Let c = 220 + -108. Calculate the remainder when c is divided by 57.
55
Let n be 3*(-1 - 1*-2). Suppose -2*h = n*h. Suppose h*c + 24 = 3*c. What is the remainder when 23 is divided by c?
7
Let i be 4/2*(-2)/2. Let n be (6 + -2)*3/(-6). What is the remainder when 19 is divided by i/(-4) + (-19)/n?
9
Calculate the remainder when (4/6)/((-4)/(-30)) is divided b